{"id":50,"date":"2026-02-17T15:50:25","date_gmt":"2026-02-17T15:50:25","guid":{"rendered":"https:\/\/zohra.sekkal.mmi-velizy.fr\/Olympe\/?post_type=product&#038;p=50"},"modified":"2026-02-24T13:35:50","modified_gmt":"2026-02-24T13:35:50","slug":"50","status":"publish","type":"product","link":"https:\/\/zohra.sekkal.mmi-velizy.fr\/Olympe\/produit\/50\/","title":{"rendered":"Blaser Yves Saint Laurent pour homme"},"content":{"rendered":"<div class=\"product-seller-description_sellerDescription__Lh7HQ\">\n<p>Blazer sport vintage Yves Saint Laurent Pour Homme (pr\u00eat-\u00e0-porter), \u00e0 simple boutonnage, trois boutons, revers crant\u00e9s et double fente, taille 56 IT, 85 % pure laine, 15 % soie. La coupe sugg\u00e8re une pi\u00e8ce d&rsquo;avant 1980 (les blazers YSL vint&#8230;<button class=\"product-seller-description_sellerDescription__action__btn__YEMor product-seller-description_sellerDescription__action__btn--translate__Kv1Nv\" type=\"submit\" data-cy=\"product-description-toggle-translation-button\"><\/button><\/p>\n<\/div>\n<h3 class=\"product-description_description__container__column__title__7WtLK\">D\u00e9tails<\/h3>\n<div class=\"product-description-list_descriptionList__GiqNM d-md-flex d-none\">\n<div class=\"product-description-list_descriptionList__column__bOfRC product-description-list_descriptionList__column--left__TmIkE\">\n<div class=\"product-description-list_descriptionList__block__l63uU\">\n<ul class=\"product-description-list_descriptionList__list__L_0k1\">\n<li class=\"product-description-list_descriptionList__listItem__lTdIL\"><span class=\"product-description-list_descriptionList__property__SKPsZ\">Univers :<\/span><span class=\"product-description-list_descriptionList__value__rtnBQ\">Homme<\/span><\/li>\n<li class=\"product-description-list_descriptionList__listItem__lTdIL\"><span class=\"product-description-list_descriptionList__property__SKPsZ\">Cat\u00e9gorie :<\/span><span class=\"product-description-list_descriptionList__value__rtnBQ\">V\u00eatements<\/span><\/li>\n<li class=\"product-description-list_descriptionList__listItem__lTdIL\"><span class=\"product-description-list_descriptionList__property__SKPsZ\">Sous-cat\u00e9gorie :<\/span><span class=\"product-description-list_descriptionList__value__rtnBQ\">Vestes &amp; Blousons<\/span><\/li>\n<li class=\"product-description-list_descriptionList__listItem__lTdIL\"><span class=\"product-description-list_descriptionList__property__SKPsZ\">Designer :<\/span><span class=\"product-description-list_descriptionList__value__rtnBQ\">Yves Saint Laurent<\/span><\/li>\n<li class=\"product-description-list_descriptionList__listItem__lTdIL\"><span class=\"product-description-list_descriptionList__property__SKPsZ\">\u00c9tat :<\/span><span class=\"product-description-list_descriptionList__value__rtnBQ\">Tr\u00e8s bon \u00e9tat<\/span><\/li>\n<li class=\"product-description-list_descriptionList__listItem__lTdIL\"><span class=\"product-description-list_descriptionList__property__SKPsZ\">Mati\u00e8re :<\/span><span class=\"product-description-list_descriptionList__value__rtnBQ\">Laine<\/span><\/li>\n<li class=\"product-description-list_descriptionList__listItem__lTdIL\"><span class=\"product-description-list_descriptionList__property__SKPsZ\">Couleur :<\/span><span class=\"product-description-list_descriptionList__value__rtnBQ\">Multicolore<\/span><\/li>\n<li class=\"product-description-list_descriptionList__listItem__lTdIL\"><span class=\"product-description-list_descriptionList__property__SKPsZ\">Taille :<\/span><span class=\"product-description-list_descriptionList__value__rtnBQ\">56 FR<\/span><\/li>\n<li class=\"product-description-list_descriptionList__listItem__lTdIL\"><span class=\"product-description-list_descriptionList__property__SKPsZ\">Style :<\/span><span class=\"product-description-list_descriptionList__value__rtnBQ\">Vintage<\/span><\/li>\n<li class=\"product-description-list_descriptionList__listItem__lTdIL\"><span class=\"product-description-list_descriptionList__property__SKPsZ\">Localisation : France<\/span><\/li>\n<\/ul>\n<\/div>\n<\/div>\n<\/div>\n","protected":false},"excerpt":{"rendered":"<p>Blazer sport vintage Yves Saint Laurent Pour Homme (pr\u00eat-\u00e0-porter), \u00e0 simple boutonnage, trois boutons, revers crant\u00e9s et double fente, taille 56 IT, 85 % pure laine, 15 % soie. La coupe sugg\u00e8re une pi\u00e8ce d&rsquo;avant 1980 (les blazers YSL vint&#8230; D\u00e9tails Univers :Homme Cat\u00e9gorie :V\u00eatements Sous-cat\u00e9gorie :Vestes &amp; Blousons Designer :Yves Saint Laurent \u00c9tat :Tr\u00e8s [&hellip;]<\/p>\n","protected":false},"featured_media":53,"comment_status":"open","ping_status":"closed","template":"","meta":{"pagelayer_contact_templates":[],"_pagelayer_content":"","_swt_meta_header_display":false,"_swt_meta_footer_display":false,"_swt_meta_site_title_display":false,"_swt_meta_sticky_header":false,"_swt_meta_transparent_header":false},"product_brand":[],"product_cat":[21],"product_tag":[],"class_list":{"0":"post-50","1":"product","2":"type-product","3":"status-publish","4":"has-post-thumbnail","6":"product_cat-vetement","8":"first","9":"instock","10":"sale","11":"sold-individually","12":"shipping-taxable","13":"purchasable","14":"product-type-simple"},"_links":{"self":[{"href":"https:\/\/zohra.sekkal.mmi-velizy.fr\/Olympe\/wp-json\/wp\/v2\/product\/50","targetHints":{"allow":["GET"]}}],"collection":[{"href":"https:\/\/zohra.sekkal.mmi-velizy.fr\/Olympe\/wp-json\/wp\/v2\/product"}],"about":[{"href":"https:\/\/zohra.sekkal.mmi-velizy.fr\/Olympe\/wp-json\/wp\/v2\/types\/product"}],"replies":[{"embeddable":true,"href":"https:\/\/zohra.sekkal.mmi-velizy.fr\/Olympe\/wp-json\/wp\/v2\/comments?post=50"}],"wp:featuredmedia":[{"embeddable":true,"href":"https:\/\/zohra.sekkal.mmi-velizy.fr\/Olympe\/wp-json\/wp\/v2\/media\/53"}],"wp:attachment":[{"href":"https:\/\/zohra.sekkal.mmi-velizy.fr\/Olympe\/wp-json\/wp\/v2\/media?parent=50"}],"wp:term":[{"taxonomy":"product_brand","embeddable":true,"href":"https:\/\/zohra.sekkal.mmi-velizy.fr\/Olympe\/wp-json\/wp\/v2\/product_brand?post=50"},{"taxonomy":"product_cat","embeddable":true,"href":"https:\/\/zohra.sekkal.mmi-velizy.fr\/Olympe\/wp-json\/wp\/v2\/product_cat?post=50"},{"taxonomy":"product_tag","embeddable":true,"href":"https:\/\/zohra.sekkal.mmi-velizy.fr\/Olympe\/wp-json\/wp\/v2\/product_tag?post=50"}],"curies":[{"name":"wp","href":"https:\/\/api.w.org\/{rel}","templated":true}]}}

<div class="product-seller-description_sellerDescription__Lh7HQ">
<p>Blazer sport vintage Yves Saint Laurent Pour Homme (prêt-à-porter), à simple boutonnage, trois boutons, revers crantés et double fente, taille 56 IT, 85 % pure laine, 15 % soie. La coupe suggère une pièce d&rsquo;avant 1980 (les blazers YSL vint&#8230;<button class="product-seller-description_sellerDescription__action__btn__YEMor product-seller-description_sellerDescription__action__btn--translate__Kv1Nv" type="submit" data-cy="product-description-toggle-translation-button"></button></p>
</div>
<h3 class="product-description_description__container__column__title__7WtLK">Détails</h3>
<div class="product-description-list_descriptionList__GiqNM d-md-flex d-none">
<div class="product-description-list_descriptionList__column__bOfRC product-description-list_descriptionList__column--left__TmIkE">
<div class="product-description-list_descriptionList__block__l63uU">
<ul class="product-description-list_descriptionList__list__L_0k1">
<li class="product-description-list_descriptionList__listItem__lTdIL"><span class="product-description-list_descriptionList__property__SKPsZ">Univers :</span><span class="product-description-list_descriptionList__value__rtnBQ">Homme</span></li>
<li class="product-description-list_descriptionList__listItem__lTdIL"><span class="product-description-list_descriptionList__property__SKPsZ">Catégorie :</span><span class="product-description-list_descriptionList__value__rtnBQ">Vêtements</span></li>
<li class="product-description-list_descriptionList__listItem__lTdIL"><span class="product-description-list_descriptionList__property__SKPsZ">Sous-catégorie :</span><span class="product-description-list_descriptionList__value__rtnBQ">Vestes &amp; Blousons</span></li>
<li class="product-description-list_descriptionList__listItem__lTdIL"><span class="product-description-list_descriptionList__property__SKPsZ">Designer :</span><span class="product-description-list_descriptionList__value__rtnBQ">Yves Saint Laurent</span></li>
<li class="product-description-list_descriptionList__listItem__lTdIL"><span class="product-description-list_descriptionList__property__SKPsZ">État :</span><span class="product-description-list_descriptionList__value__rtnBQ">Très bon état</span></li>
<li class="product-description-list_descriptionList__listItem__lTdIL"><span class="product-description-list_descriptionList__property__SKPsZ">Matière :</span><span class="product-description-list_descriptionList__value__rtnBQ">Laine</span></li>
<li class="product-description-list_descriptionList__listItem__lTdIL"><span class="product-description-list_descriptionList__property__SKPsZ">Couleur :</span><span class="product-description-list_descriptionList__value__rtnBQ">Multicolore</span></li>
<li class="product-description-list_descriptionList__listItem__lTdIL"><span class="product-description-list_descriptionList__property__SKPsZ">Taille :</span><span class="product-description-list_descriptionList__value__rtnBQ">56 FR</span></li>
<li class="product-description-list_descriptionList__listItem__lTdIL"><span class="product-description-list_descriptionList__property__SKPsZ">Style :</span><span class="product-description-list_descriptionList__value__rtnBQ">Vintage</span></li>
<li class="product-description-list_descriptionList__listItem__lTdIL"><span class="product-description-list_descriptionList__property__SKPsZ">Localisation : France</span></li>
</ul>
</div>
</div>
</div>

<p>Blazer sport vintage Yves Saint Laurent Pour Homme (prêt-à-porter), à simple boutonnage, trois boutons, revers crantés et double fente, taille 56 IT, 85 % pure laine, 15 % soie. La coupe suggère une pièce d&rsquo;avant 1980 (les blazers YSL vint&#8230; Détails Univers :Homme Catégorie :Vêtements Sous-catégorie :Vestes &amp; Blousons Designer :Yves Saint Laurent État :Très [&hellip;]</p>
