{"id":45,"date":"2026-02-17T15:45:52","date_gmt":"2026-02-17T15:45:52","guid":{"rendered":"https:\/\/zohra.sekkal.mmi-velizy.fr\/Olympe\/?post_type=product&#038;p=45"},"modified":"2026-02-24T13:40:25","modified_gmt":"2026-02-24T13:40:25","slug":"chanel-sac-en-cuir-noir","status":"publish","type":"product","link":"https:\/\/zohra.sekkal.mmi-velizy.fr\/Olympe\/produit\/chanel-sac-en-cuir-noir\/","title":{"rendered":"Chanel sac en cuir noir"},"content":{"rendered":"<div class=\"product-seller-description_sellerDescription__Lh7HQ\">\n<p>Sac Chanel mod\u00e8le Jumbo Maxi en cuir d&rsquo;agneau, matelass\u00e9 noir. Finitions dor\u00e9es. Int\u00e9rieur doubl\u00e9 en cuir bordeaux, poches plaqu\u00e9es. \u00c9quip\u00e9 d&rsquo;une bandouli\u00e8re coulissante en cuir tress\u00e9 et en cha\u00eene. Logo CC dor\u00e9. Complet avec carte d&rsquo;authen&#8230;<\/p>\n<p class=\"product-seller-description_sellerDescription__translatedBy__LEmwM\">Traduit par Google<button class=\"product-seller-description_sellerDescription__action__btn__YEMor product-seller-description_sellerDescription__action__btn--translate__Kv1Nv\" type=\"submit\" data-cy=\"product-description-toggle-translation-button\"><\/button><\/p>\n<\/div>\n<h3 class=\"product-description_description__container__column__title__7WtLK\">D\u00e9tails<\/h3>\n<div class=\"product-description-list_descriptionList__GiqNM d-md-flex d-none\">\n<div class=\"product-description-list_descriptionList__column__bOfRC product-description-list_descriptionList__column--left__TmIkE\">\n<div class=\"product-description-list_descriptionList__block__l63uU\">\n<ul class=\"product-description-list_descriptionList__list__L_0k1\">\n<li class=\"product-description-list_descriptionList__listItem__lTdIL\"><span class=\"product-description-list_descriptionList__property__SKPsZ\">Univers :<\/span><span class=\"product-description-list_descriptionList__value__rtnBQ\">Femme<\/span><\/li>\n<li class=\"product-description-list_descriptionList__listItem__lTdIL\"><span class=\"product-description-list_descriptionList__property__SKPsZ\">Cat\u00e9gorie :<\/span><span class=\"product-description-list_descriptionList__value__rtnBQ\">Sacs<\/span><\/li>\n<li class=\"product-description-list_descriptionList__listItem__lTdIL\"><span class=\"product-description-list_descriptionList__property__SKPsZ\">Sous-cat\u00e9gorie :<\/span><span class=\"product-description-list_descriptionList__value__rtnBQ\">Sacs \u00e0 main<\/span><\/li>\n<li class=\"product-description-list_descriptionList__listItem__lTdIL\"><span class=\"product-description-list_descriptionList__property__SKPsZ\">Designer :<\/span><span class=\"product-description-list_descriptionList__value__rtnBQ\">Chanel<\/span><\/li>\n<li class=\"product-description-list_descriptionList__listItem__lTdIL\"><span class=\"product-description-list_descriptionList__property__SKPsZ\">\u00c9tat :<\/span><span class=\"product-description-list_descriptionList__value__rtnBQ\">Tr\u00e8s bon \u00e9tat<\/span><\/li>\n<li class=\"product-description-list_descriptionList__listItem__lTdIL\"><span class=\"product-description-list_descriptionList__property__SKPsZ\">Mati\u00e8re :<\/span><span class=\"product-description-list_descriptionList__value__rtnBQ\">Cuir<\/span><\/li>\n<li class=\"product-description-list_descriptionList__listItem__lTdIL\"><span class=\"product-description-list_descriptionList__property__SKPsZ\">Couleur :<\/span><span class=\"product-description-list_descriptionList__value__rtnBQ\">Noir<\/span><\/li>\n<li class=\"product-description-list_descriptionList__listItem__lTdIL\"><span class=\"product-description-list_descriptionList__property__SKPsZ\">Localisation : France<\/span><\/li>\n<\/ul>\n<\/div>\n<\/div>\n<\/div>\n","protected":false},"excerpt":{"rendered":"<p>Sac chanel en cuir noir en destockage<\/p>\n","protected":false},"featured_media":49,"comment_status":"open","ping_status":"closed","template":"","meta":{"pagelayer_contact_templates":[],"_pagelayer_content":"","_swt_meta_header_display":false,"_swt_meta_footer_display":false,"_swt_meta_site_title_display":false,"_swt_meta_sticky_header":false,"_swt_meta_transparent_header":false},"product_brand":[],"product_cat":[19],"product_tag":[],"class_list":{"0":"post-45","1":"product","2":"type-product","3":"status-publish","4":"has-post-thumbnail","6":"product_cat-sac","8":"first","9":"instock","10":"sale","11":"sold-individually","12":"shipping-taxable","13":"purchasable","14":"product-type-simple"},"_links":{"self":[{"href":"https:\/\/zohra.sekkal.mmi-velizy.fr\/Olympe\/wp-json\/wp\/v2\/product\/45","targetHints":{"allow":["GET"]}}],"collection":[{"href":"https:\/\/zohra.sekkal.mmi-velizy.fr\/Olympe\/wp-json\/wp\/v2\/product"}],"about":[{"href":"https:\/\/zohra.sekkal.mmi-velizy.fr\/Olympe\/wp-json\/wp\/v2\/types\/product"}],"replies":[{"embeddable":true,"href":"https:\/\/zohra.sekkal.mmi-velizy.fr\/Olympe\/wp-json\/wp\/v2\/comments?post=45"}],"wp:featuredmedia":[{"embeddable":true,"href":"https:\/\/zohra.sekkal.mmi-velizy.fr\/Olympe\/wp-json\/wp\/v2\/media\/49"}],"wp:attachment":[{"href":"https:\/\/zohra.sekkal.mmi-velizy.fr\/Olympe\/wp-json\/wp\/v2\/media?parent=45"}],"wp:term":[{"taxonomy":"product_brand","embeddable":true,"href":"https:\/\/zohra.sekkal.mmi-velizy.fr\/Olympe\/wp-json\/wp\/v2\/product_brand?post=45"},{"taxonomy":"product_cat","embeddable":true,"href":"https:\/\/zohra.sekkal.mmi-velizy.fr\/Olympe\/wp-json\/wp\/v2\/product_cat?post=45"},{"taxonomy":"product_tag","embeddable":true,"href":"https:\/\/zohra.sekkal.mmi-velizy.fr\/Olympe\/wp-json\/wp\/v2\/product_tag?post=45"}],"curies":[{"name":"wp","href":"https:\/\/api.w.org\/{rel}","templated":true}]}}

<div class="product-seller-description_sellerDescription__Lh7HQ">
<p>Sac Chanel modèle Jumbo Maxi en cuir d&rsquo;agneau, matelassé noir. Finitions dorées. Intérieur doublé en cuir bordeaux, poches plaquées. Équipé d&rsquo;une bandoulière coulissante en cuir tressé et en chaîne. Logo CC doré. Complet avec carte d&rsquo;authen&#8230;</p>
<p class="product-seller-description_sellerDescription__translatedBy__LEmwM">Traduit par Google<button class="product-seller-description_sellerDescription__action__btn__YEMor product-seller-description_sellerDescription__action__btn--translate__Kv1Nv" type="submit" data-cy="product-description-toggle-translation-button"></button></p>
</div>
<h3 class="product-description_description__container__column__title__7WtLK">Détails</h3>
<div class="product-description-list_descriptionList__GiqNM d-md-flex d-none">
<div class="product-description-list_descriptionList__column__bOfRC product-description-list_descriptionList__column--left__TmIkE">
<div class="product-description-list_descriptionList__block__l63uU">
<ul class="product-description-list_descriptionList__list__L_0k1">
<li class="product-description-list_descriptionList__listItem__lTdIL"><span class="product-description-list_descriptionList__property__SKPsZ">Univers :</span><span class="product-description-list_descriptionList__value__rtnBQ">Femme</span></li>
<li class="product-description-list_descriptionList__listItem__lTdIL"><span class="product-description-list_descriptionList__property__SKPsZ">Catégorie :</span><span class="product-description-list_descriptionList__value__rtnBQ">Sacs</span></li>
<li class="product-description-list_descriptionList__listItem__lTdIL"><span class="product-description-list_descriptionList__property__SKPsZ">Sous-catégorie :</span><span class="product-description-list_descriptionList__value__rtnBQ">Sacs à main</span></li>
<li class="product-description-list_descriptionList__listItem__lTdIL"><span class="product-description-list_descriptionList__property__SKPsZ">Designer :</span><span class="product-description-list_descriptionList__value__rtnBQ">Chanel</span></li>
<li class="product-description-list_descriptionList__listItem__lTdIL"><span class="product-description-list_descriptionList__property__SKPsZ">État :</span><span class="product-description-list_descriptionList__value__rtnBQ">Très bon état</span></li>
<li class="product-description-list_descriptionList__listItem__lTdIL"><span class="product-description-list_descriptionList__property__SKPsZ">Matière :</span><span class="product-description-list_descriptionList__value__rtnBQ">Cuir</span></li>
<li class="product-description-list_descriptionList__listItem__lTdIL"><span class="product-description-list_descriptionList__property__SKPsZ">Couleur :</span><span class="product-description-list_descriptionList__value__rtnBQ">Noir</span></li>
<li class="product-description-list_descriptionList__listItem__lTdIL"><span class="product-description-list_descriptionList__property__SKPsZ">Localisation : France</span></li>
</ul>
</div>
</div>
</div>
